Is f(-10) a composite number?
False
Suppose -1 = -j + 7. Suppose p + 3 = j. Suppose 5*a = -p, 4*w = -2*a + 374 - 28. Is w composite?
True
Let d(b) = -2*b - 1. Let i(l) = -l. Let g(w) = 2*d(w) - 5*i(w). Let v be (0 - 86/(-8)) + (-12)/(-48). Is g(v) prime?
False
Let k(b) = b**3 - 3*b**2 + 4*b - 1. Let g be k(2). Let u(l) = 4*l**3 + 3*l**2 - 6*l + 4. Is u(g) a composite number?
True
Let c = -98 - -255. Let y = -10 + -44. Let d = c + y. Is d prime?
True
Let y be (-30)/(-195) + 48/26. Suppose -2*k - 736 = -y*j, 5*j - k - 668 = 1192. Is j composite?
False
Suppose 5*y = -l + 25, 3*y = 7*l - 3*l + 15. Let q(g) = -2*g + 23. Is q(l) composite?
False
Is 4 - (-13830 - (-7 + 2)) a composite number?
False
Let y(k) = -420*k - 27. Let l(r) = -210*r - 14. Let c(z) = 5*l(z) - 3*y(z). Is c(7) a prime number?
True
Suppose -x - 48 = -3*x + 3*v, -3*x - 5*v + 110 = 0. Is 4/6*5/(x/6219) composite?
False
Let h = -10 + 10. Suppose h = i + 4*i. Suppose -l + i*l = -203. Is l prime?
False
Is (-12)/4 - (-7566)/(-4)*-4 composite?
True
Let g(d) = d - 63. Let v be g(-36). Let b = 9 - 55. Let q = b - v. Is q prime?
True
Suppose -f = 6*f. Suppose 4*p + 3*p - 32893 = f. Is p prime?
False
Let o(j) be the third derivative of 0 - j**3 - 4*j**2 + 0*j + 59/24*j**4. Is o(7) prime?
False
Let i(b) = -8 - 2*b**3 + b - 17*b**2 + 19 + 32*b**2 - 17*b**2. Is i(-5) prime?
False
Suppose -o + 16083 = -2*p, 5*p - 32178 = -2*o + 3*p. Is o composite?
False
Let m(g) = 7370*g**2 + 55*g - 107. Is m(2) composite?
False
Let r(s) = -11*s**3 - 23*s**2 - 5*s + 44. Is r(-9) prime?
False
Let h be (-23)/2 + (-4)/8. Is (-276)/(-10)*(-30)/h a composite number?
True
Let w(t) = t**3 - 9*t**2 - 4*t - 14. Let o = 5 - 2. Suppose 8*l = o*l + 50. Is w(l) composite?
True
Let t = -23 + 28. Suppose -t*m + 4055 + 390 = 0. Is m a composite number?
True
Let v(p) = -2*p**3 + 2*p**2 + p. Let n be v(-1). Suppose -2*d + 662 = -3*o, 5*d - 331 = 4*d - n*o. Is d a composite number?
False
Let q = -2788 + 4341. Let i = 547 + q. Let a = -1343 + i. Is a composite?
False
Is 8136 + (-9 - 1)/(11 - 9) a composite number?
True
Suppose -5*f - 2*p = -8388, -2*p + 3*p + 1679 = f. Suppose 3*j - 3356 = -4*m, -m + 2*j + f = m. Is m a composite number?
False
Let j(b) = b + 2. Let w be j(-2). Suppose -4*s = -5*y + 2179, 2*y - 886 = -w*y - 2*s. Is y a composite number?
False
Let k = 23 + 2912. Is k a composite number?
True
Let q(a) = -24 - 5*a + 56 - 18 + 191*a**2 - 19. Is q(-2) a composite number?
False
Suppose -r + 5965 = 3*j, 11674 = 3*r - 2*j - 6243. Is r a prime number?
False
Suppose 2*q - 10315 = -0*q - d, 3*q + 4*d - 15485 = 0. Is q prime?
False
Let m be (429 + (-1)/1)/(15/30). Let k = m + 583. Is k composite?
False
Let v = -69 - -73. Suppose 5*h - 4771 = 2*s - 4*s, -2873 = -3*h + v*s. Is h prime?
False
Let g = 1360 - 259. Is g prime?
False
Is -2*(-1 - -3)/((-40)/233210) a composite number?
False
Let d(k) = -k**2 + k + 2. Let w be 4/(-3 - -2 - -3). Let b be d(w). Is 68 - -1*(-1 + b) prime?
True
Suppose -5*o = -8*o - 15. Let a(r) = -80*r - 2. Is a(o) a prime number?
False
Let n = -24 - -24. Suppose h + 19 - 648 = n. Is h a composite number?
True
Suppose 5*f - v = -0*v + 202254, -2*f - 4*v = -80906. Is f prime?
False
Suppose 3*c - 4*g = -1 - 5, 0 = c - 2*g + 4. Suppose 2*h = 4*u + 622, 3*h = -0*h - c*u + 957. Is h prime?
True
Suppose 51*x + 17*x - 112268 = 0. Is x prime?
False
Suppose 7909 + 51684 = z. Is z prime?
False
Let f(w) = 29*w**2 - 18*w + 17. Suppose -5*v - 34 = 3*t, 0 = 2*v - 6*v - 5*t - 22. Is f(v) composite?
False
Suppose -2*t + 5 = -4*o + 3*o, -2*t = o - 15. Let c be 5/(o/(-6)*-1). Suppose 0 = -c*h + 318 + 1224. Is h prime?
True
Let t = 8727 + -4462. Is t a prime number?
False
Let n(i) = i**2 + i. Let q(m) = 2*m**2 - 16*m + 1. Let r(v) = -3*n(v) + q(v). Let a(w) = -3*w**2 - 38*w + 3. Let b(p) = 2*a(p) - 5*r(p). Is b(13) prime?
True
Suppose 257 + 23797 = 6*c. Is c prime?
False
Is (-8)/44 + 107104/44 a composite number?
True
Let t be 3*((-12)/9)/1. Let w = 0 - t. Let l(m) = 2*m**3 - 7*m**2 + 4*m + 5. Is l(w) a composite number?
False
Let f = -36 + 34. Let d = f - -3. Let g = 414 + d. Is g prime?
False
Suppose -8425 = 260*a - 265*a. Is a composite?
True
Let s = 631 + -50. Is s a prime number?
False
Suppose -3*t = -7637 - 25414. Is t a composite number?
True
Let k(y) = y**3 + 13*y**2 + 3*y - 10. Is k(9) a prime number?
False
Suppose 5*n = 4*i - 21 - 2, -3*n - 5*i = -1. Let k be (-11635)/25 - n/(-5). Is (k/8)/((-2)/8) prime?
True
Let v(t) = -t**2 - 2*t - 21. Let z be v(0). Let a be 21/3*(-6)/z. Is (-4)/(-8) - (-115)/a a composite number?
True
Let k(h) be the third derivative of h**5/30 - h**4/3 - 11*h**3/2 + 9*h**2. Is k(17) a composite number?
False
Let q be 3/4 - (-6)/(-8). Suppose 2*d = -q*d. Suppose d = -4*k - 40 + 380. Is k composite?
True
Let g be 40/6*(-441)/(-42). Is 3/7 + 58630/g a prime number?
False
Let m(p) = 18*p**2 + p - 27. Let u be m(19). Let y = u - 2427. Is y prime?
False
Let l = 3747 + -2581. Suppose -5*u + 1559 = -l. Suppose 0 = -4*k + 9*k - u. Is k a composite number?
False
Is -16085*((-12)/(-10))/(-6) composite?
False
Let x = 73 + -43. Suppose 2*p - x = -3*p. Is 3/(-18) + 199/p composite?
True
Suppose -2*y + 2 = -6. Suppose -y*m = 4*m - 1640. Is m composite?
True
Suppose 133 + 437 = -3*i. Suppose -5*u + 5660 = -25*u. Let x = i - u. Is x a composite number?
True
Let j(t) = 191*t**2 - 14*t + 78. Is j(5) a prime number?
True
Let t(b) = 6*b**3 + 4*b**2 - b + 2. Let s be t(4). Let j = -123 + s. Is j prime?
False
Suppose 0 = -4*l - c + 436484, -2*l + 6*c = 7*c - 218242. Is l a prime number?
True
Let g = -369 + 390. Suppose 119 + 209 = 2*b. Suppose 0 = -3*p + 3*s + 567, p + s - g = b. Is p a composite number?
True
Is ((-22318)/(-6))/(45/135) composite?
False
Suppose -4*a = 2*z - 18, 5*z + 2*a = -3*a + 20. Is (-5 - -98) + (z - -1) a prime number?
False
Let i be (-10)/40 + 1/4. Let z(n) = n**3 + 17. Let o be z(i). Suppose o - 92 = -5*c. Is c prime?
False
Suppose -5*x - 2*a + 29819 = 0, 4*x + 15*a = 12*a + 23858. Is x a prime number?
False
Let g(h) = -h**3 - 9*h**2 - 8*h + 3. Let k be g(-8). Let i(l) = 5*l**3 + 5*l**2 - 3*l - 4. Let m be i(k). Let n = m + -90. Is n prime?
False
Let m be (-7)/((-28)/8) - -3. Suppose 3*c + 5*q + 70 = 8*c, 2*q - 84 = -m*c. Is c*5 + 1 + -2 prime?
True
Let d(y) = 108*y**2 + 3*y - 17. Is d(6) composite?
False
Let t = -1657 + 2330. Is t composite?
False
Suppose -20 + 22 = o. Is ((-3197)/o + -3)*-2 prime?
True
Let r(t) = -t**3 - t**2 + t - 2. Suppose 3*a - 6 = -3*c, 5*a = -0*c + 4*c - 26. Let z be r(a). Suppose -w - 44 + 255 = z. Is w composite?
False
Is 4/(8/(-1))*(-621 - 1) composite?
False
Suppose h - 5*a + 391 = -9*a, 4*h + a + 1489 = 0. Let f = h - -774. Is f a composite number?
True
Let d(w) = w**2 + w + 1. Let k be d(-2). Let a be (-62 - (-1 + 1))/(-1). Suppose -q - f + a = 0, k*q + f = -q + 233. Is q a prime number?
False
Suppose 3*v = 4*v - 5346. Let a = -55 - -55. Suppose a = -3*l - 3, u + 4*u - l = v. Is u composite?
False
Let f = -20 - -22. Suppose 0 = -5*x - 5*a + 1885, 9*x - f*a = 4*x + 1857. Is 5/(-10)*(-1 - x) composite?
True
Suppose 4*t + t + 10 = 0, w + 2*t - 80 = 0. Suppose 0*s - w = -3*s + 3*y, 65 = 2*s - 5*y. Is s prime?
False
Suppose 25554 = 16*q - 10*q. Suppose 2*f = -n + q, n + f = -4*n + 21322. Is n a composite number?
True
Let j(f) = -2445*f - 28. Is j(-5) composite?
False
Suppose 2*n + f = -1109, 5*n - f = -2*f - 2771. Let p = 35 - n. Is p composite?
True
Let l(m) = 336*m**2 - 311*m + 312*m + 412*m**2. Suppose -4*s - 5*f = 16, 2*s + 2*f + 3*f = -18. Is l(s) prime?
False
Is (-2)/14 - 335118/(-49) a prime number?
False
Let g = -13 - -10. Let f(u) = 87*u + 6. Let b(l) = -349*l - 25. Let h(r) = -2*b(r) - 9*f(r). Is h(g) a composite number?
False
Suppose g - 10 = -7. Is (-6)/g*83/(-1) composite?
True
Suppose v = 4*v - 2*u - 52907, 5*v = 5*u + 88180. Is v prime?
False
Suppose -3*x + 3900 = m, -x + 3*x = -3*m + 2607. Suppose -x - 1373 = -8*d. Is d prime?
False
Let r(p) = -6 - 7*p + 0*p + 68*p + 82*p. Is r(5) prime?
True
Let i = 28 + -46. Is i/(-3)*((-1)/(-1) - 0) prime?
False
Suppose -5*x + 3*s + 275 = -0*x, -x + 55 = -2*s. Let r be 396/5 - 11/x. Let p = r - -214. Is p a composite number?
False
Let x(r) = 297*r - 42. Let d(p) = 296*p - 41. Let j(m) = -5*d(m) + 4*x(m). Is j